et o(w) = -4*w**3 - 105*w**2 - 22*w + 78. What is o(-26)?
-26
Let q(w) = w**3 + 5*w**2 + 5*w + 48. What is q(-6)?
-18
Let z(x) = 3*x**3 + 25*x**2 - 2*x - 61. What is z(-8)?
19
Let y(i) = i**2 - 238*i - 2464. Calculate y(-10).
16
Let z(y) = -102*y - 4982. Determine z(-49).
16
Let h(v) = 136*v - 1182. Calculate h(6).
-366
Let g(u) = 8*u**3 + 111*u**2 + 258*u - 7. Determine g(-3).
2
Let g(k) = 2*k**3 + 56*k**2 - 499*k - 208. What is g(-35)?
107
Let d(a) = 746*a**3 - 4486*a**2 + 61*a - 3. Calculate d(6).
3
Let z(t) = -458*t - 12810. What is z(-28)?
14
Let q(z) = z**3 - z**2 - 42*z + 109. Calculate q(6).
37
Let i(y) = y**2 + 29*y - 307. Give i(11).
133
Let k(b) = 66*b - 457. Calculate k(7).
5
Let y(o) = -23*o**2 + 907*o - 131. Calculate y(39).
259
Let l(h) = -5*h**2 - 15*h + 3. What is l(-2)?
13
Let q(a) = 2*a**3 - 31*a**2 + a + 131. Give q(14).
-443
Let o(s) = 14*s - 719. Give o(49).
-33
Let n(i) = i**2 + 41*i + 216. Determine n(-7).
-22
Let j(l) = 30*l**3 + 7*l + 7. Determine j(-1).
-30
Let h(u) = -u**3 + 37*u**2 - 62*u - 226. Give h(35).
54
Let v(z) = 968*z - 92. Calculate v(1).
876
Let b(c) = -4*c + 43. Give b(7).
15
Let g(t) = 5*t**3 - 27*t**2 + 27*t - 17. Calculate g(6).
253
Let g(h) = h**2 - 122*h + 363. Determine g(3).
6
Let t(h) = 162*h + 13760. Give t(-85).
-10
Let x(k) = 2*k**2 + 213*k + 55. Give x(0).
55
Let w(s) = 2*s**3 - 24*s**2 + 30*s + 22. What is w(10)?
-78
Let i(l) = -37*l**2 + 175*l - 4. What is i(5)?
-54
Let j(t) = -28*t**2 - 85*t + 86. Determine j(1).
-27
Let a(y) = -y**3 - 26*y**2 - 153*y + 28. Give a(-16).
-84
Let j(s) = -32*s + 149. Calculate j(4).
21
Let o(g) = -g**3 - 34*g**2 + 36*g - 2. Calculate o(-35).
-37
Let u(g) = 158*g + 946. Calculate u(-6).
-2
Let f(i) = -i**3 - 286*i**2 + 4*i + 1139. Give f(-286).
-5
Let h(u) = -9*u**3 + 2*u**2 + 36*u + 34. Calculate h(-1).
9
Let l(w) = -245*w - 6850. Determine l(-28).
10
Let a(t) = -6*t**3 - 26*t**2 - 5*t - 36. Give a(-6).
354
Let v(j) = 16*j - 1. What is v(-4)?
-65
Let o(w) = w**2 - 136*w + 4290. Give o(50).
-10
Let o(x) = -x**3 + 8*x**2 + 41*x - 63. Calculate o(11).
25
Let h(o) = 3*o**2 - 17*o + 91. Calculate h(5).
81
Let n(x) = -19*x**2 + 206*x + 1268. Give n(-6).
-652
Let z(i) = 19*i + 185. Calculate z(-24).
-271
Let r(t) = -t**3 - 6*t**2 + 14*t - 4. Calculate r(-9).
113
Let j(p) = p**3 - 59*p**2 + 54*p - 143. Determine j(58).
-375
Let c(p) = -4*p**2 - 119*p - 60. Calculate c(-30).
-90
Let x(i) = 123*i - 65. What is x(1)?
58
Let q(s) = s**2 + 2*s - 30. Determine q(-6).
-6
Let u(s) = -2*s**2 + 2199*s + 44775. Calculate u(-20).
-5
Let j(d) = -d**3 + 3*d**2 + 28*d - 46. Give j(6).
14
Let n(y) = 29*y**2 - 18*y + 37. Give n(2).
117
Let c(s) = -485*s - 15588. Calculate c(-32).
-68
Let w(b) = -b**3 - 78*b**2 + 178*b + 1520. What is w(-80)?
80
Let a(d) = 2*d**2 - 896*d - 4557. What is a(-5)?
-27
Let w(n) = n**2 + 31*n - 804. What is w(-48)?
12
Let d(o) = -3*o**2 - 167*o - 7. What is d(-56)?
-63
Let d(f) = -f**3 - 16*f**2 + 2*f - 50. Determine d(-16).
-82
Let u(d) = -25*d + 374. What is u(15)?
-1
Let p(q) = -22*q - 300. Give p(-10).
-80
Let u(a) = -20*a**2 - 69*a + 3. Determine u(-6).
-303
Let w(v) = 10*v**2 + 398*v + 1397. What is w(-4)?
-35
Let g(u) = -u**2 + 118*u - 2855. Calculate g(84).
1
Let s(k) = -46*k - 30. Calculate s(-2).
62
Let k(a) = -444*a - 6910. Determine k(-15).
-250
Let m(c) = -c**3 + 7*c**2 + 77*c + 27. Give m(-5).
-58
Let w(s) = 6*s**2 - 100*s - 501. What is w(21)?
45
Let m(p) = -4*p**3 + 797*p**2 - 196*p - 603. Determine m(199).
-6
Let z(n) = 47*n**2 - 23*n - 5. Calculate z(-1).
65
Let n(p) = -p**2 - 176*p + 1085. Calculate n(6).
-7
Let w(o) = 7*o + 43. Give w(-11).
-34
Let k(l) = l**2 + 61*l - 1641. What is k(20)?
-21
Let j(q) = 220*q**2 - 2*q - 18. What is j(2)?
858
Let d(y) = 510*y**2 + 17340*y - 3. What is d(-34)?
-3
Let i(l) = -40*l**2 - 600*l. Determine i(-15).
0
Let f(o) = -8*o**2 + 359*o + 35. Give f(45).
-10
Let v(x) = -14*x + 147. What is v(0)?
147
Let n(o) = -o**3 + 14*o**2 - 22*o + 554. What is n(15)?
-1
Let b(z) = 11*z**2 - 1131*z - 207. Determine b(103).
-1
Let r(t) = -4*t**3 + 3*t**2 - 4*t - 1. Calculate r(3).
-94
Let f(y) = -819*y - 11454. Determine f(-14).
12
Let b(u) = -3*u**2 - 119*u + 68. Give b(-40).
28
Let z(i) = 5*i**2 + i - 7. Determine z(3).
41
Let g(y) = 100*y**2 + 4401*y + 41. Give g(-44).
-3
Let m(x) = -x**3 + 56*x**2 - 149*x - 525. Give m(53).
5
Let b(u) = u**2 - 192*u - 2021. Give b(-10).
-1
Let k(g) = -7*g**3 + 69*g**2 + 22*g - 37. Calculate k(10).
83
Let h(q) = -q**3 - 1033*q**2 - 4123*q - 6. Give h(-4).
22
Let b(v) = v**2 - 219*v + 10029. What is b(65)?
19
Let o(r) = -5*r**3 - r**2 - 62*r - 61. What is o(-1)?
5
Let p(n) = 15*n - 81. Calculate p(3).
-36
Let p(x) = -16*x**2 + 127*x - 102. Give p(7).
3
Let o(i) = 2*i**3 + 20*i**2 - 6*i - 3. Give o(-9).
213
Let k(r) = 3*r**2 - 62*r + 176. Determine k(7).
-111
Let w(t) = 311*t - 456. What is w(3)?
477
Let k(l) = 862*l + 6850. Give k(-8).
-46
Let c(u) = u**2 - 22*u + 138. Give c(8).
26
Let s(p) = -40*p + 2. What is s(2)?
-78
Let t(k) = -179*k + 3272. Calculate t(18).
50
Let c(u) = -52*u**2 + 393*u - 787. Calculate c(2).
-209
Let u(h) = 56*h - 684. What is u(12)?
-12
Let s(i) = -60*i**2 - 3*i + 1. Determine s(2).
-245
Let q(x) = -54*x**3 - 4*x**2 + 9*x + 11. What is q(-1)?
52
Let u(j) = -7*j - 109. What is u(-8)?
-53
Let n(p) = -56*p + 3718. Determine n(69).
-146
Let u(n) = 3*n**3 - 52*n**2 + 18*n - 38. Calculate u(17).
-21
Let q(u) = 13*u**3 + 8*u**2 + 27*u - 28. Determine q(1).
20
Let s(b) = -3*b**3 + 53*b**2 + 17*b + 41. What is s(18)?
23
Let o(q) = 22*q**3 - q**2 + 14*q - 17. Give o(1).
18
Let i(d) = -4*d + 58. Calculate i(8).
26
Let o(j) = j**2 + 2*j - 65. Give o(14).
159
Let m(f) = 4*f**3 + 125*f**2 + 24*f - 210. Determine m(-31).
7
Let c(z) = z**2 + 10*z - 1. Give c(-5).
-26
Let k(t) = -3*t**2 - 60*t + 459. Determine k(-26).
-9
Let x(k) = 71*k**2 - k. Determine x(-1).
72
Let p(f) = -f**3 + 32*f**2 - 36*f + 148. What is p(31)?
-7
Let a(x) = 5*x - 124. Give a(27).
11
Let i(u) = u**2 - 66*u + 351. Calculate i(6).
-9
Let w(j) = -j**2 - 16*j - 33. Calculate w(-16).
-33
Let y(r) = 4*r**2 - 605*r - 6275. Give y(161).
4
Let m(j) = 965*j + 36673. What is m(-38)?
3
Let c(l) = l**2 + 33*l + 156. Calculate c(-28).
16
Let t(b) = -1392*b - 20887. Determine t(-15).
-7
Let i(l) = 27*l - 2363. Give i(83).
-122
Let f(n) = -3134*n + 15638. Determine f(5).
-32
Let z(f) = -301*f + 1800. Determine z(6).
-6
Let u(a) = -a**3 - 777*a**2 - 6160*a - 63. Calculate u(-8).
1
Let z(b) = b**2 - 29*b + 353. Give z(13).
145
Let c(q) = -3*q**3 + 85*q**2 + 55*q + 34. What is c(29)?
-53
Let x(b) = -12*b**2 - 982*b + 176. Give x(-82).
12
Let y(x) = -102*x - 5568. What is y(-53)?
-162
Let y(l) = l**3 + 6*l**2 - 11*l + 2. Calculate y(-5).
82
Let j(i) = 363*i + 48271. Calculate j(-133).
-8
Let o(q) = -q**3 - 42*q**2 + 38*q - 214. Determine o(-43).
1
Let a(f) = -f**2 + 13*f + 1011. What is a(39)?
-3
Let l(g) = 2*g**2 + 68*g - 138. What is l(-38)?
166
Let a(m) = -m**2 - 18*m - 7. What is a(0)?
-7
Let d(l) = 3895*l + 124645. Calculate d(-32).
5
Let c(k) = -k**3 - 46*k**2 - k - 21. Determine c(-46).
25
Let g(w) = -2*w**3 + 41*w**2 + 17*w - 12. Give g(21).
-96
Let z(y) = 3*y**3 - 117*y**2 + 102*y + 57. Calculate z(38).
-399
Let q(w) = 19*w**2 + 1196*w - 90. Determine q(-63).
-27
Let f(v) = v**2 - 452*v - 6097. Determine f(-13).
-52
Let n(h) = 8*h + 56. What is n(-9)?
-16
Let a(g) = -g**3 - 216*g**2 - 3740*g + 48. What is a(-19)?
-9
Let g(w) = -5*w**2 - 75*w - 194. What is g(-8)?
86
Let q(k) = -2*k**3 + 13*k**2 - k - 4. Give q(7).
-60
Let c(u) = -11*u**2 + 20*u + 3. Calculate c(3).
-36
Let m(c) = 138*c + 1112. Calculate m(-9).
-130
Let b(g) = 170*g**2 + 1528*g - 14. Give b(-9).
4
Let j(b) = -2*b**3 + 769*b**2 + 375*b + 3850. Calculate j(385).
0
Let n(z) = z**3 + 3*z**2 - 39*z. What is n(7)?
217
Let v(x) = x**3 + 79*x**2 + 236*x + 6300. What is v(-77)?
-14
Let v(m) = -9*m + 168. Determine v(19).
-3
Let h(k) = 7*k**2 + 7*k + 62. Determine h(-6).
272
Let b(v) = 7*v - 172. Give b(22).
-18
Let n(f) = -2*f**2 - 69*f + 20. What is n(-31)?
237
Let s(v) = -222*v - 662. Calculate s(-3).
4
Let p(d) = -d**2 + 19*d. What is p(5)?
70
Let r(x) = -92*x + 1198. Calculate r(13).
2
Let a(x) = x**2 + 5*x - 82. What is a(0)?
-82
Let g(r) = 9